{"id":21098,"date":"2019-06-22T18:28:44","date_gmt":"2019-06-22T16:28:44","guid":{"rendered":"https:\/\/rpg-berlin.de\/rpg\/?page_id=21098"},"modified":"2022-07-06T14:17:45","modified_gmt":"2022-07-06T12:17:45","slug":"odyssey-of-the-dragonlords","status":"publish","type":"page","link":"https:\/\/rpg-berlin.de\/rpg\/projekte-2\/odyssey-of-the-dragonlords\/","title":{"rendered":"Odyssey of the Dragonlords (promoted)"},"content":{"rendered":"\n<h3 class=\"wp-block-heading\" style=\"text-align:center\">Odyssey of the Dragonlords<\/h3>\n\n\n\n<figure class=\"wp-block-image\"><img data-recalc-dims=\"1\" decoding=\"async\" width=\"600\" height=\"338\" src=\"https:\/\/i0.wp.com\/rpg-berlin.de\/rpg\/wp-content\/uploads\/2019\/06\/Dragonlords.jpg?resize=600%2C338&#038;ssl=1\" alt=\"Odyssey of the Dragonlords\" class=\"wp-image-20885\" srcset=\"https:\/\/i0.wp.com\/rpg-berlin.de\/rpg\/wp-content\/uploads\/2019\/06\/Dragonlords.jpg?w=600&amp;ssl=1 600w, https:\/\/i0.wp.com\/rpg-berlin.de\/rpg\/wp-content\/uploads\/2019\/06\/Dragonlords.jpg?resize=300%2C169&amp;ssl=1 300w\" sizes=\"(max-width: 600px) 100vw, 600px\" \/><\/figure>\n\n\n\n<p>Odyssey of the Dragonlords ist ein episches Abenteuerbuch f\u00fcr die 5. Ausgabe des gr\u00f6\u00dften Rollenspiels der Welt.<\/p>\n\n\n\n<p>In einem Land, in dem sogar die G\u00f6tter durch Eide und Prophezeiungen gebunden sind&#8230;..<\/p>\n\n\n\n<p>Zu Beginn der Zeit hat ein Krieg zwischen den G\u00f6ttern und Titanen die Welt von Thylea f\u00fcr immer ver\u00e4ndert. Tausende von Jahren sp\u00e4ter kamen die ersten Sterblichen, getragen von Schiff und Drache.<\/p>\n\n\n\n<p>Die Drachenlords waren die Champions, die vor 500 Jahren die Titanen st\u00fcrzten und den Eid des Friedens leisteten. Aber die Macht des Eides ist geschw\u00e4cht, und jetzt suchen die Titanen Rache.<\/p>\n\n\n\n<p>Du bist einer der Helden, die von der Prophezeiung berufen wurden, den Konflikt ein f\u00fcr allemal zu beenden. Dichter werden von deinen Taten f\u00fcr die kommenden Jahrhunderte singen&#8230;. wenn du \u00fcberlebst.<\/p>\n\n\n\n<p>Vom Chefdesigner von Baldur&#8217;s Gate, Dragon Age: Urspr\u00fcnge und Star Wars: Knights of the Old Republic&#8230;.<\/p>\n\n\n\n<p>Odyssey of the Dragonlords ist ein ~280-seitiges Abenteuerbuch, das mit farbigen Karten und Illustrationen gef\u00fcllt ist. Unser Ziel ist es, ein Hardcover-Buch zu erstellen, auf das Sie stolz sein k\u00f6nnen, es neben den offiziellen Abenteuerb\u00fcchern der 5. Ausgabe in Ihrem B\u00fccherregal zu platzieren.<\/p>\n\n\n\n<figure class=\"wp-block-image\"><img data-recalc-dims=\"1\" decoding=\"async\" width=\"600\" height=\"259\" src=\"https:\/\/i0.wp.com\/rpg-berlin.de\/rpg\/wp-content\/uploads\/2019\/06\/f5f49c6ba738af32b29c06850a38a046_original.jpg?resize=600%2C259&#038;ssl=1\" alt=\"\" class=\"wp-image-20884\" srcset=\"https:\/\/i0.wp.com\/rpg-berlin.de\/rpg\/wp-content\/uploads\/2019\/06\/f5f49c6ba738af32b29c06850a38a046_original.jpg?w=600&amp;ssl=1 600w, https:\/\/i0.wp.com\/rpg-berlin.de\/rpg\/wp-content\/uploads\/2019\/06\/f5f49c6ba738af32b29c06850a38a046_original.jpg?resize=300%2C130&amp;ssl=1 300w\" sizes=\"(max-width: 600px) 100vw, 600px\" \/><\/figure>\n\n\n\n<p>Eine epische Kampagne. Schlie\u00dfen Sie sich anderen prophezeiten Helden an, um eine epische Suche zu unternehmen, um die Welt von Thylea zu retten, die Inseln des Vergessenen Meeres zu befahren und die Titanen zu bek\u00e4mpfen! Das Abenteuer besteht aus einer Gruppe von Helden der 1. bis 10. Stufe. (Jetzt zu Level ~15 mit Stretch-Zielinhalt.)<\/p>\n\n\n\n<p>W\u00e4hle deinen epischen Pfad. Enth\u00e4lt sechs epische Pfade, aus denen die Spieler w\u00e4hlen k\u00f6nnen. Epische Pfade bieten kraftvolle Motivationen f\u00fcr Ihren Helden und machen Sie zu einem zentralen Bestandteil der Geschichte. \u00c4ndere Thyleas Geschichte f\u00fcr immer und gehe als einer der neuen Drachenlords in die Geschichte ein!<\/p>\n\n\n\n<figure class=\"wp-block-image\"><img data-recalc-dims=\"1\" decoding=\"async\" width=\"600\" height=\"249\" src=\"https:\/\/i0.wp.com\/rpg-berlin.de\/rpg\/wp-content\/uploads\/2019\/06\/6a3029aff88180c8d44f76186bf38168_original.jpg?resize=600%2C249&#038;ssl=1\" alt=\"\" class=\"wp-image-20881\" srcset=\"https:\/\/i0.wp.com\/rpg-berlin.de\/rpg\/wp-content\/uploads\/2019\/06\/6a3029aff88180c8d44f76186bf38168_original.jpg?w=600&amp;ssl=1 600w, https:\/\/i0.wp.com\/rpg-berlin.de\/rpg\/wp-content\/uploads\/2019\/06\/6a3029aff88180c8d44f76186bf38168_original.jpg?resize=300%2C125&amp;ssl=1 300w\" sizes=\"(max-width: 600px) 100vw, 600px\" \/><\/figure>\n\n\n\n<p>Die Welt von Thylea. Enth\u00e4lt einen \u00dcberblick \u00fcber die Geschichte, Fraktionen, K\u00f6nigreiche und Gesetze des vergessenen Kontinents. Erfahren Sie mehr \u00fcber die G\u00f6tter, die Titanen und die legend\u00e4ren Drachenlords.<\/p>\n\n\n\n<p>Neue Monster. Enth\u00e4lt ein Bestiarium von \u00fcber 15 neuen Monstern, inspiriert von der griechischen Mythologie, mit \u00dcberlieferungen, Statistiken und ganzseitigen Abbildungen.<\/p>\n\n\n\n<p>Neue magische Gegenst\u00e4nde. Enth\u00e4lt \u00fcber 20 neue magische Gegenst\u00e4nde, die von der griechischen Mythologie inspiriert sind. Finden Sie sie verstreut im Abenteuer oder fertigen Sie sie mit der legend\u00e4ren Mithralschmiede!<\/p>\n\n\n\n<p>Neue Rassen und Klassenarchetypen. Enth\u00e4lt eine Vielzahl neuer spielbarer Rassen und Klassenarchetypen, die von der griechischen Mythologie inspiriert sind: Satyren, Zentauren, Medusen, aber auch Hopliten, Amazonen und Philosophenzauberer!<\/p>\n\n\n\n<p>Bunte Charaktere. In der Tradition unserer beliebtesten RPG-Videospiele haben wir eine bunte Auswahl an B\u00f6sewichten und Begleitcharakteren, denen die Spieler bei ihrem Abenteuer begegnen werden.<\/p>\n\n\n\n<p>Bei der Entwicklung von Odyssey of the Dragonlords haben wir uns von den altgriechischen Epen inspirieren lassen, darunter The Odyssey, The Iliad und The Argonautica. Wir wurden auch von klassischen Filmen wie Jason and the Argonauts und Clash of the Titans beeinflusst. Die Welt von Thylea soll die Magie der griechischen Mythologie einfangen: von der Prophezeiung berufen werden, ins Unbekannte segeln und gegen die G\u00f6tter selbst k\u00e4mpfen.<\/p>\n\n\n\n<p>Um einen Eindruck davon zu bekommen, wie die Welt aussieht, besuchen Sie unsere Kurzgeschichte Dragonlord&#8217;s Wager von Drew Karpyshyn. Diese Geschichte spielt 500 Jahre vor dem Abenteuer, w\u00e4hrend der Ereignisse des Ersten Krieges zwischen den Sterblichen und den Titanen.<\/p>\n\n\n\n<p>Wir werfen nicht nur das Wort &#8222;episch&#8220; herum, weil wir es f\u00fcr cool halten. Wenn wir sagen, dass dieses Abenteuer episch ist, beziehen wir uns auf drei spezifische Eigenschaften.<\/p>\n\n\n\n<p>Epischer Umfang. In diesem Abenteuer wachsen Ihre Spieler aus einer Gruppe ungetesteter Krieger zu ber\u00fchmten Helden heran, die sich auf eine ausgedehnte Reise durch die Ozeane begeben, inspiriert von der Odyssee und Jason und den Argonauten.<\/p>\n\n\n\n<p>Episches Geschichtenerz\u00e4hlen. Dieses Abenteuer kombiniert starkes narratives Design mit einer offenen Welt. Das Abenteuer bietet eine Handvoll kritischer Geschichtenmomente, in denen die Spieler wichtige Charaktere treffen, B\u00f6sewichte konfrontieren und gro\u00dfe Entscheidungen treffen werden. Aber f\u00fcr die meisten Abenteuer werden sie frei sein, mit klaren Zielen zu erkunden.<\/p>\n\n\n\n<p>Epische Helden. Die Spieler in diesem Abenteuer werden zu etwas mehr als nur einer Gruppe von unerschrockenen Abenteurern. Sie werden Helden sein, wie Odysseus und Achilles, die vom Schicksal berufen werden, weil sie f\u00fcr Gr\u00f6\u00dfe bestimmt sind.<\/p>\n\n\n\n<p>Wenn Sie dieses Projekt bereits verfolgt haben, dann wissen Sie, dass wir den Player&#8217;s Guide to Odyssey of the Dragonlords auf DriveThruRPG.com kostenlos ver\u00f6ffentlicht haben. Dieses 32-seitige Heft bietet den Spielern einen Ausgangspunkt f\u00fcr ihre Reise in die L\u00e4nder von Thylea. Es enth\u00e4lt alle Informationen, die du brauchst, um deinen Charakter zu erstellen.<\/p>\n\n\n\n<p>Kurzlink zum Projekt: http:\/\/kck.st\/2PevuBM<\/p>\n\n\n\n<div class=\"wp-block-image\"><figure class=\"alignleft\"><img data-recalc-dims=\"1\" decoding=\"async\" width=\"600\" height=\"388\" src=\"https:\/\/i0.wp.com\/rpg-berlin.de\/rpg\/wp-content\/uploads\/2019\/06\/31c99fe18e9f5fa75dc25df115693abf_original.jpg?resize=600%2C388&#038;ssl=1\" alt=\"\" class=\"wp-image-20882\" srcset=\"https:\/\/i0.wp.com\/rpg-berlin.de\/rpg\/wp-content\/uploads\/2019\/06\/31c99fe18e9f5fa75dc25df115693abf_original.jpg?w=600&amp;ssl=1 600w, https:\/\/i0.wp.com\/rpg-berlin.de\/rpg\/wp-content\/uploads\/2019\/06\/31c99fe18e9f5fa75dc25df115693abf_original.jpg?resize=300%2C194&amp;ssl=1 300w\" sizes=\"(max-width: 600px) 100vw, 600px\" \/><\/figure><\/div>\n\n\n\n<p><\/p>\n\n\n\n<figure class=\"wp-block-image is-resized\"><img data-recalc-dims=\"1\" decoding=\"async\" src=\"https:\/\/i0.wp.com\/rpg-berlin.de\/rpg\/wp-content\/uploads\/2019\/07\/Promoted.png?resize=225%2C137&#038;ssl=1\" alt=\"\" class=\"wp-image-21190\" width=\"225\" height=\"137\"\/><\/figure>\n","protected":false},"excerpt":{"rendered":"<p>Odyssey of the Dragonlords Odyssey of the Dragonlords ist ein episches Abenteuerbuch f\u00fcr die 5. Ausgabe des gr\u00f6\u00dften Rollenspiels der Welt. In einem Land, in dem sogar die G\u00f6tter durch Eide und Prophezeiungen gebunden sind&#8230;.. Zu Beginn der Zeit hat ein Krieg zwischen den G\u00f6ttern und Titanen die Welt von Thylea f\u00fcr immer ver\u00e4ndert. Tausende [&hellip;]<\/p>\n","protected":false},"author":1,"featured_media":20885,"parent":21103,"menu_order":0,"comment_status":"closed","ping_status":"closed","template":"","meta":{"_et_pb_use_builder":"","_et_pb_old_content":"","_et_gb_content_width":"","jetpack_post_was_ever_published":false,"footnotes":""},"class_list":["post-21098","page","type-page","status-publish","has-post-thumbnail","hentry"],"yoast_head":"<!-- This site is optimized with the Yoast SEO plugin v27.5 - https:\/\/yoast.com\/product\/yoast-seo-wordpress\/ -->\n<title>Odyssey of the Dragonlords (promoted) - RPG-Berlin.de<\/title>\n<meta name=\"robots\" content=\"index, follow, max-snippet:-1, max-image-preview:large, max-video-preview:-1\" \/>\n<link rel=\"canonical\" href=\"https:\/\/rpg-berlin.de\/rpg\/projekte-2\/odyssey-of-the-dragonlords\/\" \/>\n<meta property=\"og:locale\" content=\"de_DE\" \/>\n<meta property=\"og:type\" content=\"article\" \/>\n<meta property=\"og:title\" content=\"Odyssey of the Dragonlords (promoted) - RPG-Berlin.de\" \/>\n<meta property=\"og:description\" content=\"Odyssey of the Dragonlords Odyssey of the Dragonlords ist ein episches Abenteuerbuch f\u00fcr die 5. Ausgabe des gr\u00f6\u00dften Rollenspiels der Welt. In einem Land, in dem sogar die G\u00f6tter durch Eide und Prophezeiungen gebunden sind&#8230;.. Zu Beginn der Zeit hat ein Krieg zwischen den G\u00f6ttern und Titanen die Welt von Thylea f\u00fcr immer ver\u00e4ndert. Tausende [&hellip;]\" \/>\n<meta property=\"og:url\" content=\"https:\/\/rpg-berlin.de\/rpg\/projekte-2\/odyssey-of-the-dragonlords\/\" \/>\n<meta property=\"og:site_name\" content=\"RPG-Berlin.de\" \/>\n<meta property=\"article:publisher\" content=\"https:\/\/www.facebook.com\/rpg.berlin\/\" \/>\n<meta property=\"article:modified_time\" content=\"2022-07-06T12:17:45+00:00\" \/>\n<meta property=\"og:image\" content=\"https:\/\/rpg-berlin.de\/rpg\/wp-content\/uploads\/2019\/06\/Dragonlords.jpg\" \/>\n\t<meta property=\"og:image:width\" content=\"600\" \/>\n\t<meta property=\"og:image:height\" content=\"338\" \/>\n\t<meta property=\"og:image:type\" content=\"image\/jpeg\" \/>\n<meta name=\"twitter:card\" content=\"summary_large_image\" \/>\n<meta name=\"twitter:label1\" content=\"Gesch\u00e4tzte Lesezeit\" \/>\n\t<meta name=\"twitter:data1\" content=\"4\u00a0Minuten\" \/>\n<script type=\"application\/ld+json\" class=\"yoast-schema-graph\">{\"@context\":\"https:\\\/\\\/schema.org\",\"@graph\":[{\"@type\":\"WebPage\",\"@id\":\"https:\\\/\\\/rpg-berlin.de\\\/rpg\\\/projekte-2\\\/odyssey-of-the-dragonlords\\\/\",\"url\":\"https:\\\/\\\/rpg-berlin.de\\\/rpg\\\/projekte-2\\\/odyssey-of-the-dragonlords\\\/\",\"name\":\"Odyssey of the Dragonlords (promoted) - RPG-Berlin.de\",\"isPartOf\":{\"@id\":\"https:\\\/\\\/rpg-berlin.de\\\/rpg\\\/#website\"},\"primaryImageOfPage\":{\"@id\":\"https:\\\/\\\/rpg-berlin.de\\\/rpg\\\/projekte-2\\\/odyssey-of-the-dragonlords\\\/#primaryimage\"},\"image\":{\"@id\":\"https:\\\/\\\/rpg-berlin.de\\\/rpg\\\/projekte-2\\\/odyssey-of-the-dragonlords\\\/#primaryimage\"},\"thumbnailUrl\":\"https:\\\/\\\/i0.wp.com\\\/rpg-berlin.de\\\/rpg\\\/wp-content\\\/uploads\\\/2019\\\/06\\\/Dragonlords.jpg?fit=600%2C338&ssl=1\",\"datePublished\":\"2019-06-22T16:28:44+00:00\",\"dateModified\":\"2022-07-06T12:17:45+00:00\",\"breadcrumb\":{\"@id\":\"https:\\\/\\\/rpg-berlin.de\\\/rpg\\\/projekte-2\\\/odyssey-of-the-dragonlords\\\/#breadcrumb\"},\"inLanguage\":\"de\",\"potentialAction\":[{\"@type\":\"ReadAction\",\"target\":[\"https:\\\/\\\/rpg-berlin.de\\\/rpg\\\/projekte-2\\\/odyssey-of-the-dragonlords\\\/\"]}]},{\"@type\":\"ImageObject\",\"inLanguage\":\"de\",\"@id\":\"https:\\\/\\\/rpg-berlin.de\\\/rpg\\\/projekte-2\\\/odyssey-of-the-dragonlords\\\/#primaryimage\",\"url\":\"https:\\\/\\\/i0.wp.com\\\/rpg-berlin.de\\\/rpg\\\/wp-content\\\/uploads\\\/2019\\\/06\\\/Dragonlords.jpg?fit=600%2C338&ssl=1\",\"contentUrl\":\"https:\\\/\\\/i0.wp.com\\\/rpg-berlin.de\\\/rpg\\\/wp-content\\\/uploads\\\/2019\\\/06\\\/Dragonlords.jpg?fit=600%2C338&ssl=1\",\"width\":600,\"height\":338},{\"@type\":\"BreadcrumbList\",\"@id\":\"https:\\\/\\\/rpg-berlin.de\\\/rpg\\\/projekte-2\\\/odyssey-of-the-dragonlords\\\/#breadcrumb\",\"itemListElement\":[{\"@type\":\"ListItem\",\"position\":1,\"name\":\"Startseite\",\"item\":\"https:\\\/\\\/rpg-berlin.de\\\/rpg\\\/\"},{\"@type\":\"ListItem\",\"position\":2,\"name\":\"Projekte\",\"item\":\"https:\\\/\\\/rpg-berlin.de\\\/rpg\\\/projekte-2\\\/\"},{\"@type\":\"ListItem\",\"position\":3,\"name\":\"Odyssey of the Dragonlords (promoted)\"}]},{\"@type\":\"WebSite\",\"@id\":\"https:\\\/\\\/rpg-berlin.de\\\/rpg\\\/#website\",\"url\":\"https:\\\/\\\/rpg-berlin.de\\\/rpg\\\/\",\"name\":\"RPG-Berlin.de\",\"description\":\"Blog mehrerer D&amp;D 5e Rollenspielergruppen\",\"publisher\":{\"@id\":\"https:\\\/\\\/rpg-berlin.de\\\/rpg\\\/#organization\"},\"potentialAction\":[{\"@type\":\"SearchAction\",\"target\":{\"@type\":\"EntryPoint\",\"urlTemplate\":\"https:\\\/\\\/rpg-berlin.de\\\/rpg\\\/?s={search_term_string}\"},\"query-input\":{\"@type\":\"PropertyValueSpecification\",\"valueRequired\":true,\"valueName\":\"search_term_string\"}}],\"inLanguage\":\"de\"},{\"@type\":\"Organization\",\"@id\":\"https:\\\/\\\/rpg-berlin.de\\\/rpg\\\/#organization\",\"name\":\"RPG-Berlin.de\",\"url\":\"https:\\\/\\\/rpg-berlin.de\\\/rpg\\\/\",\"logo\":{\"@type\":\"ImageObject\",\"inLanguage\":\"de\",\"@id\":\"https:\\\/\\\/rpg-berlin.de\\\/rpg\\\/#\\\/schema\\\/logo\\\/image\\\/\",\"url\":\"https:\\\/\\\/i0.wp.com\\\/rpg-berlin.de\\\/rpg\\\/wp-content\\\/uploads\\\/2019\\\/05\\\/cropped-Ogma4.png?fit=95%2C95&ssl=1\",\"contentUrl\":\"https:\\\/\\\/i0.wp.com\\\/rpg-berlin.de\\\/rpg\\\/wp-content\\\/uploads\\\/2019\\\/05\\\/cropped-Ogma4.png?fit=95%2C95&ssl=1\",\"width\":95,\"height\":95,\"caption\":\"RPG-Berlin.de\"},\"image\":{\"@id\":\"https:\\\/\\\/rpg-berlin.de\\\/rpg\\\/#\\\/schema\\\/logo\\\/image\\\/\"},\"sameAs\":[\"https:\\\/\\\/www.facebook.com\\\/rpg.berlin\\\/\"]}]}<\/script>\n<!-- \/ Yoast SEO plugin. -->","yoast_head_json":{"title":"Odyssey of the Dragonlords (promoted) - RPG-Berlin.de","robots":{"index":"index","follow":"follow","max-snippet":"max-snippet:-1","max-image-preview":"max-image-preview:large","max-video-preview":"max-video-preview:-1"},"canonical":"https:\/\/rpg-berlin.de\/rpg\/projekte-2\/odyssey-of-the-dragonlords\/","og_locale":"de_DE","og_type":"article","og_title":"Odyssey of the Dragonlords (promoted) - RPG-Berlin.de","og_description":"Odyssey of the Dragonlords Odyssey of the Dragonlords ist ein episches Abenteuerbuch f\u00fcr die 5. Ausgabe des gr\u00f6\u00dften Rollenspiels der Welt. In einem Land, in dem sogar die G\u00f6tter durch Eide und Prophezeiungen gebunden sind&#8230;.. Zu Beginn der Zeit hat ein Krieg zwischen den G\u00f6ttern und Titanen die Welt von Thylea f\u00fcr immer ver\u00e4ndert. Tausende [&hellip;]","og_url":"https:\/\/rpg-berlin.de\/rpg\/projekte-2\/odyssey-of-the-dragonlords\/","og_site_name":"RPG-Berlin.de","article_publisher":"https:\/\/www.facebook.com\/rpg.berlin\/","article_modified_time":"2022-07-06T12:17:45+00:00","og_image":[{"width":600,"height":338,"url":"https:\/\/rpg-berlin.de\/rpg\/wp-content\/uploads\/2019\/06\/Dragonlords.jpg","type":"image\/jpeg"}],"twitter_card":"summary_large_image","twitter_misc":{"Gesch\u00e4tzte Lesezeit":"4\u00a0Minuten"},"schema":{"@context":"https:\/\/schema.org","@graph":[{"@type":"WebPage","@id":"https:\/\/rpg-berlin.de\/rpg\/projekte-2\/odyssey-of-the-dragonlords\/","url":"https:\/\/rpg-berlin.de\/rpg\/projekte-2\/odyssey-of-the-dragonlords\/","name":"Odyssey of the Dragonlords (promoted) - RPG-Berlin.de","isPartOf":{"@id":"https:\/\/rpg-berlin.de\/rpg\/#website"},"primaryImageOfPage":{"@id":"https:\/\/rpg-berlin.de\/rpg\/projekte-2\/odyssey-of-the-dragonlords\/#primaryimage"},"image":{"@id":"https:\/\/rpg-berlin.de\/rpg\/projekte-2\/odyssey-of-the-dragonlords\/#primaryimage"},"thumbnailUrl":"https:\/\/i0.wp.com\/rpg-berlin.de\/rpg\/wp-content\/uploads\/2019\/06\/Dragonlords.jpg?fit=600%2C338&ssl=1","datePublished":"2019-06-22T16:28:44+00:00","dateModified":"2022-07-06T12:17:45+00:00","breadcrumb":{"@id":"https:\/\/rpg-berlin.de\/rpg\/projekte-2\/odyssey-of-the-dragonlords\/#breadcrumb"},"inLanguage":"de","potentialAction":[{"@type":"ReadAction","target":["https:\/\/rpg-berlin.de\/rpg\/projekte-2\/odyssey-of-the-dragonlords\/"]}]},{"@type":"ImageObject","inLanguage":"de","@id":"https:\/\/rpg-berlin.de\/rpg\/projekte-2\/odyssey-of-the-dragonlords\/#primaryimage","url":"https:\/\/i0.wp.com\/rpg-berlin.de\/rpg\/wp-content\/uploads\/2019\/06\/Dragonlords.jpg?fit=600%2C338&ssl=1","contentUrl":"https:\/\/i0.wp.com\/rpg-berlin.de\/rpg\/wp-content\/uploads\/2019\/06\/Dragonlords.jpg?fit=600%2C338&ssl=1","width":600,"height":338},{"@type":"BreadcrumbList","@id":"https:\/\/rpg-berlin.de\/rpg\/projekte-2\/odyssey-of-the-dragonlords\/#breadcrumb","itemListElement":[{"@type":"ListItem","position":1,"name":"Startseite","item":"https:\/\/rpg-berlin.de\/rpg\/"},{"@type":"ListItem","position":2,"name":"Projekte","item":"https:\/\/rpg-berlin.de\/rpg\/projekte-2\/"},{"@type":"ListItem","position":3,"name":"Odyssey of the Dragonlords (promoted)"}]},{"@type":"WebSite","@id":"https:\/\/rpg-berlin.de\/rpg\/#website","url":"https:\/\/rpg-berlin.de\/rpg\/","name":"RPG-Berlin.de","description":"Blog mehrerer D&amp;D 5e Rollenspielergruppen","publisher":{"@id":"https:\/\/rpg-berlin.de\/rpg\/#organization"},"potentialAction":[{"@type":"SearchAction","target":{"@type":"EntryPoint","urlTemplate":"https:\/\/rpg-berlin.de\/rpg\/?s={search_term_string}"},"query-input":{"@type":"PropertyValueSpecification","valueRequired":true,"valueName":"search_term_string"}}],"inLanguage":"de"},{"@type":"Organization","@id":"https:\/\/rpg-berlin.de\/rpg\/#organization","name":"RPG-Berlin.de","url":"https:\/\/rpg-berlin.de\/rpg\/","logo":{"@type":"ImageObject","inLanguage":"de","@id":"https:\/\/rpg-berlin.de\/rpg\/#\/schema\/logo\/image\/","url":"https:\/\/i0.wp.com\/rpg-berlin.de\/rpg\/wp-content\/uploads\/2019\/05\/cropped-Ogma4.png?fit=95%2C95&ssl=1","contentUrl":"https:\/\/i0.wp.com\/rpg-berlin.de\/rpg\/wp-content\/uploads\/2019\/05\/cropped-Ogma4.png?fit=95%2C95&ssl=1","width":95,"height":95,"caption":"RPG-Berlin.de"},"image":{"@id":"https:\/\/rpg-berlin.de\/rpg\/#\/schema\/logo\/image\/"},"sameAs":["https:\/\/www.facebook.com\/rpg.berlin\/"]}]}},"jetpack_sharing_enabled":true,"jetpack_shortlink":"https:\/\/wp.me\/P4p3r6-5ui","_links":{"self":[{"href":"https:\/\/rpg-berlin.de\/rpg\/wp-json\/wp\/v2\/pages\/21098","targetHints":{"allow":["GET"]}}],"collection":[{"href":"https:\/\/rpg-berlin.de\/rpg\/wp-json\/wp\/v2\/pages"}],"about":[{"href":"https:\/\/rpg-berlin.de\/rpg\/wp-json\/wp\/v2\/types\/page"}],"author":[{"embeddable":true,"href":"https:\/\/rpg-berlin.de\/rpg\/wp-json\/wp\/v2\/users\/1"}],"replies":[{"embeddable":true,"href":"https:\/\/rpg-berlin.de\/rpg\/wp-json\/wp\/v2\/comments?post=21098"}],"version-history":[{"count":0,"href":"https:\/\/rpg-berlin.de\/rpg\/wp-json\/wp\/v2\/pages\/21098\/revisions"}],"up":[{"embeddable":true,"href":"https:\/\/rpg-berlin.de\/rpg\/wp-json\/wp\/v2\/pages\/21103"}],"wp:featuredmedia":[{"embeddable":true,"href":"https:\/\/rpg-berlin.de\/rpg\/wp-json\/wp\/v2\/media\/20885"}],"wp:attachment":[{"href":"https:\/\/rpg-berlin.de\/rpg\/wp-json\/wp\/v2\/media?parent=21098"}],"curies":[{"name":"wp","href":"https:\/\/api.w.org\/{rel}","templated":true}]}}